-7).
31
Let a(f) = -f**3 + 5*f**2 - 3*f - 3. What is a(3)?
6
Let h(r) = r**3 - 3*r**2 - 2*r - 12. Determine h(5).
28
Let n(z) = 2*z**2 + z. Calculate n(3).
21
Let q(c) = -2*c**3 - 48*c**2 - 44*c + 46. Determine q(-23).
0
Let m(t) = 3*t**3 + 9*t**2 - 7*t - 9. What is m(-3)?
12
Let m(u) = 9*u + 12. Give m(-3).
-15
Let z(s) = s**2 - 7*s + 10. Give z(4).
-2
Let b(x) = -x**3 + 7*x**2 - 8*x + 4. Determine b(6).
-8
Let h(k) = -2*k**2 + 8*k - 18. Calculate h(6).
-42
Let j(i) = -i**2 + 21*i - 30. Calculate j(20).
-10
Let v(s) = s**3 - 7*s**2 - 13*s + 6. Give v(9).
51
Let n(y) = -2*y**2 + 27*y + 12. What is n(13)?
25
Let v(j) = 5*j**2 + 4*j + 7. Give v(-2).
19
Let h(i) = -6*i - 44. Calculate h(-7).
-2
Let v(b) = 7*b + 74. Calculate v(-12).
-10
Let j(o) = 2*o**2 - 19*o + 32. Give j(10).
42
Let j(i) = i - 67. Determine j(0).
-67
Let u(a) = a**3 - a**2 - 7*a + 3. Determine u(3).
0
Let u(a) = -a**2 - 3*a + 8. What is u(-5)?
-2
Let m(n) = 3*n + 38. What is m(-11)?
5
Let g(o) = -6*o**2 - o + 1. Determine g(1).
-6
Let i(t) = -2*t**3 - 3*t**2 + 2. What is i(1)?
-3
Let p(g) = g**3 + 5*g**2 - 17*g + 20. Determine p(-8).
-36
Let x(r) = -2*r**2 - 13*r + 103. Give x(-11).
4
Let t(h) = h**2 + 21*h + 110. Give t(-11).
0
Let k(s) = s**2 - 3*s - 4. Calculate k(0).
-4
Let c(b) = b**3 + 19*b**2 + 17*b - 18. Calculate c(-18).
0
Let t(v) = 14*v - 1424. Determine t(102).
4
Let g(q) = 10*q + 122. Determine g(-12).
2
Let l(j) = -5*j + 35. Calculate l(15).
-40
Let i(m) = m**3 + 5*m**2 - 4*m + 4. Give i(-6).
-8
Let f(l) = l**2 - 14*l - 30. Give f(16).
2
Let x(t) = -6*t + 57. What is x(8)?
9
Let d(k) = -3*k - 19. Determine d(-11).
14
Let n(v) = 10*v + 50. Give n(-5).
0
Let w(b) = -109*b**3 + 2*b**2 - 3*b - 4. Calculate w(-1).
110
Let p(x) = -x**2 - 13*x + 9. Determine p(4).
-59
Let b(q) = -3*q**2 - 20*q + 5. What is b(-9)?
-58
Let q(v) = -v**3 + 9*v**2 - 15*v + 3. Calculate q(7).
-4
Let m(u) = -51*u**2 + 2*u + 2. Determine m(-1).
-51
Let p(s) = 2*s - 17. What is p(-7)?
-31
Let u(p) = -p**2 + 10*p - 19. Determine u(2).
-3
Let j(x) = x**2 + 7*x + 13. Give j(-6).
7
Let n(l) = -30*l. Determine n(-1).
30
Let u(s) = 7*s + 38. Determine u(-7).
-11
Let b(u) = 2*u**2 + u. Calculate b(-1).
1
Let k(u) = u**3 + 15*u**2 - 4*u - 51. Give k(-15).
9
Let i(s) = -12*s**3 - 3*s**2 - 3*s - 1. What is i(-1)?
11
Let s(j) = -j**2 + 13*j + 6. What is s(13)?
6
Let f(n) = 78*n + 5. Calculate f(0).
5
Let w(o) = -21*o - 4. Give w(-1).
17
Let t(v) = -2*v**3 - 17*v**2 - 7*v + 15. What is t(-8)?
7
Let s(d) = -d**3 + 4*d**2 - d + 6. Calculate s(4).
2
Let h(a) = -a**3 - 2*a**2 + 5*a + 12. Determine h(-3).
6
Let h(l) = 4*l - 12. Give h(6).
12
Let i(m) = m + 10. Calculate i(-8).
2
Let v(q) = -2*q**3 - 9*q - 10. Determine v(-1).
1
Let u(h) = h**2 - 10*h - 59. Give u(15).
16
Let m(l) = 10*l + 31. Calculate m(-3).
1
Let r(t) = t - 22. Give r(5).
-17
Let k(z) = 55*z - 160. Give k(3).
5
Let g(s) = 2*s**2 - 5*s - 3. Determine g(-3).
30
Let c(d) = -6*d - 22. Give c(-11).
44
Let y(x) = -2*x**2 - 31*x - 13. Give y(-15).
2
Let g(s) = s**3 - 5*s**2 + 15*s - 79. Calculate g(5).
-4
Let p(t) = -t**3 + 15*t**2 + 27*t - 25. Calculate p(17).
-144
Let g(r) = -r**2 - 3*r - 1. Determine g(4).
-29
Let g(a) = -a**2 - 44*a - 156. Give g(-40).
4
Let b(t) = t**3 - 11*t**2 + 8*t + 14. Calculate b(10).
-6
Let l(k) = -12*k**3 - 3*k**2 + 6*k - 1. Determine l(2).
-97
Let j(r) = -4*r - 50. Give j(-10).
-10
Let g(j) = 20*j + 1. Determine g(-2).
-39
Let t(q) = -q**2 - 6*q + 96. Calculate t(7).
5
Let k(x) = -x**2 - 27*x + 32. Calculate k(-28).
4
Let y(t) = -31*t - 22. Calculate y(-2).
40
Let h(o) = o**3 - 2*o**2 - 3. Give h(-3).
-48
Let i(u) = -13*u**2 - 4*u - 2. What is i(-1)?
-11
Let g(a) = -4*a - 65. Determine g(-19).
11
Let c(y) = y**3 - 7*y**2 + 4*y + 20. Give c(6).
8
Let s(r) = -22*r**2 + 2*r - 1. What is s(1)?
-21
Let j(q) = -q**2 - 7*q - 65. Calculate j(0).
-65
Let x(n) = 16*n**3 - 2*n**2 - 1. Calculate x(1).
13
Let l(r) = r**2 - 9*r + 3. What is l(7)?
-11
Let m(y) = -y**3 - 8*y**2 + 2*y + 9. What is m(-8)?
-7
Let o(v) = -4*v**2 - 5*v + 12. Give o(-3).
-9
Let f(i) = 4*i**3 + 3*i**2 + i. What is f(-2)?
-22
Let f(u) = -u**3 + 20*u**2 - 23*u + 50. Give f(19).
-26
Let v(u) = u**3 + 9*u**2 + 6*u - 4. Give v(-8).
12
Let r(x) = -6*x**2 - 111*x + 55. What is r(-19)?
-2
Let b(j) = 2*j**2 + 4*j - 61. Determine b(-9).
65
Let m(a) = a + 4. Calculate m(-7).
-3
Let w(q) = 4*q + 109. What is w(-23)?
17
Let v(w) = -4*w**2 + 32*w - 6. Calculate v(8).
-6
Let x(h) = h - 4. Give x(2).
-2
Let l(v) = -7*v - 22. Calculate l(-9).
41
Let n(r) = -r**3 - 52*r**2 + 110*r + 130. What is n(-54)?
22
Let i(w) = 2*w**3 + 2*w**2 - 5*w + 4. Calculate i(-3).
-17
Let n(u) = -u**2 - 3*u - 4. Determine n(-4).
-8
Let z(t) = -t**3 - 9*t**2 - 5*t - 8. Calculate z(-8).
-32
Let x(h) = -h**2 - 4*h + 20. What is x(-7)?
-1
Let a(m) = -5*m**2 + m + 3. Give a(-3).
-45
Let r(g) = -8*g - 4. Calculate r(-4).
28
Let y(x) = -x**3 - 7*x**2 - 9*x - 7. Calculate y(-7).
56
Let h(q) = -q**2 - 7*q + 2. Calculate h(5).
-58
Let i(q) = q**3 - 4*q**2 + q - 8. Give i(4).
-4
Let u(a) = a**2 + 16*a + 14. Give u(-15).
-1
Let j(y) = -y**3 + 2*y**2 - 3*y + 1. What is j(2)?
-5
Let z(v) = 24*v**2 - 2*v - 4. Give z(-1).
22
Let z(n) = n**3 - 17*n**2 + n - 20. Give z(17).
-3
Let f(d) = -d**3 + 7*d**2 + 3*d + 2. Give f(7).
23
Let g(s) = -2*s + 11. What is g(8)?
-5
Let z(l) = -l. What is z(1)?
-1
Let s(q) = 4*q - 5. Give s(-6).
-29
Let o(z) = -z**3 + 7*z**2 - 8*z + 6. Calculate o(5).
16
Let k(c) = 25*c + 5. Determine k(-2).
-45
Let f(d) = d**3 - 6*d**2 - 10*d + 6. Give f(7).
-15
Let y(x) = x**2 + 15*x + 17. What is y(-14)?
3
Let n(y) = -2*y**3 + 22*y**2 + 4*y - 38. What is n(11)?
6
Let s(c) = -c - 24. Give s(0).
-24
Let c(n) = n + 16. Give c(-26).
-10
Let b(w) = -w**3 - 14*w**2 + 17*w + 22. Determine b(-15).
-8
Let a(x) = 2*x + 28. Calculate a(-14).
0
Let h(r) = -r**3 + r**2 + 2*r + 10. Give h(0).
10
Let h(k) = -k**2 + 10*k + 50. What is h(12)?
26
Let v(r) = -19*r - 22. Determine v(-1).
-3
Let v(c) = -2*c**2 + 13*c - 6. Calculate v(6).
0
Let j(d) = 3*d**2 - 12*d - 13. Calculate j(10).
167
Let d(v) = v**3 + 20*v**2 + 23*v + 83. What is d(-19)?
7
Let n(f) = f**2 - 11*f + 28. Calculate n(7).
0
Let u(g) = -5*g**2 + 7*g - 8. What is u(2)?
-14
Let p(n) = 4*n**3 + 3*n**2 + 5. Determine p(-3).
-76
Let x(t) = -t**2 + 5*t + 5. Give x(-3).
-19
Let y(b) = 29*b**3. Calculate y(-1).
-29
Let t(s) = -3*s - 41. Calculate t(-12).
-5
Let d(x) = x**3 + 8*x**2 + 4*x - 26. Calculate d(-7).
-5
Let d(n) = n**3 + 12*n**2 + 18*n - 25. Determine d(-10).
-5
Let o(w) = w**3 - 6*w**2 - 6*w + 2. Determine o(7).
9
Let v(o) = -9*o - 35. Calculate v(-13).
82
Let x(s) = -2*s - 2. Calculate x(-3).
4
Let s(t) = t**3 + t**2 - 2*t - 96. What is s(0)?
-96
Let a(g) = 3*g + 114. Give a(-30).
24
Let g(r) = -5*r**2 - r + 3. Give g(-2).
-15
Let n(r) = -r**2 - 4. Give n(2).
-8
Let c(g) = g**3 - 6*g**2 - 3*g - 8. What is c(7)?
20
Let l(r) = r**3 - 7*r**2 - 11*r + 6. Calculate l(8).
-18
Let q(m) = 2*m + 1. What is q(-5)?
-9
Let h(j) = j**3 + 24*j**2 + 21*j - 50. Determine h(-23).
-4
Let r(a) = -2*a**2 + 19*a - 48. What is r(5)?
-3
Let q(w) = -4*w + 28. Determine q(8).
-4
Let m(b) = b**2 + 24*b + 160. Calculate m(-16).
32
Let o(x) = -x**3 - 3*x - 10. Calculate o(0).
-10
Let p(i) = -i**3 + 12*i**2 + 11*i + 18. Calculate p(13).
-8
Let t(q) = -q + 30. Calculate t(27).
3
Let t(s) = 5*s - 27. Calculate t(9).
18
Let y(i) = -i**3 + 5*i**2 + 3*i - 7. Calculate y(5).
8
Let z(r) = -r**2 - 14*r + 79. Determine z(-18).
7
Let t(s) = -s**3 + 8*s**2 - 10*s + 44. Calculate t(8).
-36
Let d(b) = 2*b + 18. Give d(-12).
-6
Let p(m) = m**3 - 5*m**2 - 83*m - 14. Calculate p(12).
-2
Let b(m) = 3*m**2 + 2*m - 5. Determine b(-4).
35
Let o(n) = 2*n - 1. What is o(-3)?
-7
Let x(d) = -d**2 + 6*d - 7. Determine x(5).
-2
Let o(c) = -2*c + 33. Determine o(-13).
59
Let a(b) = b**2 + 14*b - 396. Determine a(-28).
-4
Let f(a) = a**2 - 5*a - 15. Give f(7).
-1
Let k(a) = a**2 + 4. Calculate k(-8).
68
Let l(v) = v + 5. Determine l(3).
8
Let h(y) = y**2 - 30*y + 49. Determine h(28).
-7
Let t(s) = -s**3 - 11*s**2 - 10*s - 7. Give t(-10).
-7
Let o(z) = 2*z**2 - 56*z - 59. Determine o(29).
-1
Let p(j) = -j**3 - 4*j**2 + 2*j + 5. Calculate p(-4).
-3
Let s(q) = -2*q**2 - 24*q - 18. What is s(-11)?
4
